rue
Does 2280 divide 693884397?
False
Is 54 a factor of 149026372?
False
Does 619 divide 92895806?
True
Does 1767 divide 129870966?
True
Is 4314570 a multiple of 138?
True
Does 63 divide 318307720?
False
Is 147 a factor of 34376979?
True
Is 97 a factor of 32551260?
True
Does 16 divide 593283264?
True
Is 4 a factor of 987853020?
True
Is 178608820 a multiple of 17?
False
Is 60626895 a multiple of 15?
True
Is 413953469 a multiple of 769?
True
Does 47 divide 360297018?
True
Does 1874 divide 26176032?
True
Is 150011850 a multiple of 3559?
True
Is 176459264 a multiple of 3424?
True
Does 7 divide 4918136?
False
Is 14682614 a multiple of 748?
False
Is 27731640 a multiple of 5?
True
Is 30 a factor of 3490038340?
False
Is 1716 a factor of 68161044?
False
Does 24 divide 1636202208?
True
Does 25 divide 56244883?
False
Is 295175052 a multiple of 1308?
True
Is 360242100 a multiple of 225?
True
Does 20 divide 27775705?
False
Is 119 a factor of 140040583?
False
Is 21481758 a multiple of 406?
False
Does 201 divide 30597225?
True
Does 4 divide 482555492?
True
Does 1702 divide 4418873666?
True
Is 821810 a multiple of 31?
True
Does 55 divide 243728273?
False
Does 108 divide 91768442?
False
Is 2131728 a multiple of 58?
False
Is 500961019 a multiple of 365?
False
Does 46 divide 98100264?
False
Is 9674575 a multiple of 185?
True
Is 937 a factor of 123629654?
True
Is 3546823774 a multiple of 31?
False
Does 7 divide 43936025?
True
Does 1119 divide 843007602?
True
Is 3773 a factor of 948479378?
True
Does 41 divide 1500065770?
True
Is 1267286798 a multiple of 15?
False
Does 5009 divide 102097649?
False
Is 861387023 a multiple of 17?
False
Does 50 divide 155085530?
False
Does 452 divide 106776412?
True
Is 42074034 a multiple of 10?
False
Is 329 a factor of 419063406?
False
Is 5184216 a multiple of 27?
True
Does 28 divide 374867080?
True
Is 15 a factor of 92876519?
False
Is 513547200 a multiple of 240?
True
Does 853 divide 89347485?
True
Is 514450764 a multiple of 1183?
False
Is 4 a factor of 48057147?
False
Is 7 a factor of 24261671?
True
Does 15 divide 167827276?
False
Is 142804603 a multiple of 183?
False
Is 727 a factor of 29144703?
True
Is 151431602 a multiple of 21?
False
Is 427 a factor of 30878505?
True
Is 104 a factor of 59812893?
False
Is 18645003 a multiple of 6549?
True
Is 38978378 a multiple of 27?
False
Does 9575 divide 2220461650?
True
Is 16 a factor of 316498447?
False
Does 62 divide 48314864?
True
Is 1912224 a multiple of 24?
True
Is 1893 a factor of 64656599?
False
Is 15 a factor of 126625545?
True
Is 33941550 a multiple of 25?
True
Is 663737834 a multiple of 199?
True
Is 291 a factor of 4488675018?
False
Is 6592519 a multiple of 177?
False
Is 20 a factor of 78724085?
False
Is 149 a factor of 7140092814?
True
Is 3 a factor of 588082?
False
Does 459 divide 843035661?
True
Does 23 divide 2710918?
True
Is 165307172 a multiple of 14?
False
Does 925 divide 273044843?
False
Does 71 divide 44857407?
False
Is 16 a factor of 1404379168?
True
Does 1338 divide 65562?
True
Is 15 a factor of 774481298?
False
Is 1574 a factor of 96582204?
False
Does 235 divide 15770483?
False
Is 1263118035 a multiple of 40?
False
Does 19 divide 2052665?
True
Does 125 divide 375856500?
True
Is 752 a factor of 3831018614?
False
Is 317516019 a multiple of 327?
True
Is 131683581 a multiple of 17?
True
Is 301 a factor of 5240711?
True
Does 86 divide 103890078?
False
Is 394632256 a multiple of 6?
False
Is 3025847 a multiple of 1048?
False
Is 98010000 a multiple of 33?
True
Is 842516384 a multiple of 14?
False
Is 2167527902 a multiple of 1800?
False
Is 301623084 a multiple of 1939?
True
Is 86017268 a multiple of 1904?
False
Is 598158 a multiple of 19?
True
Does 62 divide 59486913?
False
Is 60 a factor of 10154700?
True
Is 1309 a factor of 16575867?
True
Is 406709931 a multiple of 11?
False
Is 266 a factor of 141279351?
False
Is 31008624 a multiple of 16?
True
Does 17 divide 29536021?
True
Is 11 a factor of 26722934?
False
Does 676 divide 22462883?
False
Is 27 a factor of 63921258?
True
Does 714 divide 1041170508?
True
Does 188 divide 311174968?
True
Does 18 divide 619841322?
True
Does 20 divide 2306120?
True
Is 26214325 a multiple of 10?
False
Does 15 divide 97150605?
True
Is 43961520 a multiple of 30?
True
Is 70 a factor of 112524261?
False
Is 2998880448 a multiple of 5620?
False
Is 61589894 a multiple of 24?
False
Is 121 a factor of 143287958?
True
Does 3035 divide 87311977?
False
Does 10 divide 590416083?
False
Does 19 divide 115980173?
False
Does 1096 divide 17085867?
False
Does 242 divide 185548660?
True
Is 530244098 a multiple of 7?
False
Is 1233 a factor of 32610384?
True
Is 11731338 a multiple of 27?
True
Does 149 divide 2046550313?
True
Does 5 divide 4379909?
False
Does 1935 divide 7850295?
True
Does 96 divide 375600165?
False
Is 175484496 a multiple of 1956?
True
Is 65 a factor of 16088150?
True
Is 9585910 a multiple of 5?
True
Does 52 divide 25989548?
True
Is 2904655930 a multiple of 2585?
True
Is 28 a factor of 121291986?
False
Is 1922829030 a multiple of 30?
True
Is 34 a factor of 51134674?
True
Is 20 a factor of 499253240?
True
Is 1017 a factor of 277190469?
True
Does 3450 divide 1090496700?
True
Does 134 divide 1146334222?
True
Is 5228 a factor of 1604379096?
True
Is 490 a factor of 3833895740?
False
Does 247 divide 6067802?
True
Is 8855386 a multiple of 10?
False
Is 19655823 a multiple of 893?
True
Is 1181 a factor of 7460377?
True
Is 36223299 a multiple of 147?
True
Is 107489025 a multiple of 368?
False
Is 313 a factor of 76259007?
True
Does 9 divide 1975885796?
False
Is 4 a factor of 242444?
True
Is 694611 a multiple of 102?
False
Is 423391298 a multiple of 674?
True
Is 2035186188 a multiple of 23?
True
Is 1125054227 a multiple of 41?
True
Is 231 a factor of 1833012?
False
Does 87 divide 88161624?
True
Does 18 divide 69327666?
True
Is 2727 a factor of 63119142?
True
Does 28 divide 190584688?
True
Is 18451546 a multiple of 2247?
False
Does 137 divide 1243864100?
True
Is 1794 a factor of 4456296?
True
Does 4705 divide 223986242?
False
Is 1252 a factor of 30229540?
True
Is 1123591769 a multiple of 1943?
False
Does 1637 divide 426129107?
True
Is 26457028 a multiple of 52?
True
Is 11977464 a multiple of 8?
True
Is 321125110 a multiple of 469?
False
Does 5 divide 10628716?
False
Does 45 divide 115883460?
True
Does 59 divide 217163478?
False
Is 5511267 a multiple of 423?
True
Does 1344 divide 1107154944?
True
Is 3036 a factor of 46122912?
True
Is 69 a factor of 65132688?
True
Is 491337514 a multiple of 2974?
True
Is 40073176 a multiple of 92?
True
Does 4 divide 92185242?
False
Is 376820320 a multiple of 40?
True
Is 1843 a factor of 55905562?
True
Does 285 divide 1827396489?
False
Does 2 divide 5647506?
True
Is 832160077 a multiple of 131?
True
Does 586 divide 159922916?
True
Is 127663280 a multiple of 940?
True
Does 60 divide 12124320?
True
Does 375 divide 540941823?
False
Is 1252753790 a multiple of 8474?
True
Is 100065822 a multiple of 21?
False
Is 3 a factor of 36027209?
False
Is 261943390 a multiple of 356?
False
Is 212 a factor of 687661220?
True
Is 35515350 a multiple of 30?
True
Is 2138923 a multiple of 17?
True
Does 81 divide 1292469?
False
Does 674 divide 32123233?
False
Is 558353290 a multiple of 911?
False
Is 22999507 a multiple of 27?
False
Is 113555190 a multiple of 30?
True
Does 1003 divide 28279819?
False
Is 138330048 a multiple of 64?
True
Is 3 a factor of 29155040?
False
Is 3423049119 a multiple of 138?
False
Is 16 a factor of 25178304?
True
Does 148 divide 37612945?
False
Is 80793308 a multiple of 4616?
False
Is 27 a factor of 166578304?
False
Is 130 a factor of 481975780?
True
Does 19 divide 734020882?
True
Is 127558393 a multiple of 2519?
False
Is 88 a factor of 59599760?
True
Is 814 a factor of 51752387?
False
Does 519 divide 816307074?
True
Does 60 divide 196781567?
False
Is 35 a factor of 1731154?
False
Is 7512967 a multiple of 162?
False
Is 1439163 a multiple of 33?
True
Is 3057005 a multiple of 133?
True
Does 688 divide 16972960?
True
Is 143 a factor of 16010709?
True
Is 49371468 a multiple of 37?
True
Is 11 a factor of 40338448?
False
Does 319 divide 224789092?
True
Is 7416 a factor of 1073717634?
False
Is 249 a factor of 104702816?
False
Does 14 div